
3
Let z(v) = 2*v + 17. Let g = -16 - -28. Let n = g - 20. What is the units digit of z(n)?
1
Let j = 1594 + -947. What is the units digit of j?
7
Suppose -4*c - 3*a = -327, -1 = a + 2. Suppose 0 = 8*w - 324 - c. What is the units digit of w?
1
Let w(h) = h**2 - 3*h + 4. Let a be w(2). Let s(z) = z - 4. Let r be s(6). Suppose r*v - 3*j - 66 = 0, -38 = -a*v - 0*v - 4*j. What is the units digit of v?
7
Suppose -3*p + 33 = 3*d, 0 = 3*p + 4*d - 38 + 9. Suppose 11*j + 8 = p*j. What is the units digit of (288/40)/(j/10)?
6
Suppose 7438 = 4*z + 2*d, 2*z + 7428 = 6*z + 4*d. Suppose -4*n + 11*n - z = 0. What is the units digit of n?
6
Let o be (-1 - -12)/(-1 + 0). Let f = o - -10. Let n(j) = -26*j. What is the units digit of n(f)?
6
Suppose k - 2155 = 4*o + 1796, 5*k + 3*o = 19801. What is the thousands digit of k?
3
Let g(r) = 42*r + 663. What is the thousands digit of g(60)?
3
Let y(n) = -13*n + 5*n + 5*n + 7*n. Let r be y(8). Let v = r - 3. What is the tens digit of v?
2
Let u = -14 + 16. Suppose 0 = u*o - 84 - 48. What is the tens digit of o?
6
Let s(o) = 2*o**2 - 6*o + 4. Let j be s(2). Suppose -1 = -x - j, 5*z - 4*x = 896. What is the hundreds digit of z?
1
Let d be 6/33 - (285/55 - 1). What is the tens digit of 2/d + (260/8 - 4)?
2
Let t(m) be the second derivative of -3/2*m**2 - 1/3*m**3 - 7*m + 1/4*m**4 + 1/20*m**5 + 0. What is the units digit of t(3)?
5
Let o(l) = 5*l**2 - 19*l + 57. Let c(s) = 11*s**2 - 38*s + 114. Let k(d) = -4*c(d) + 9*o(d). What is the units digit of k(18)?
9
Suppose 0 = 21*r - 22*r + 436. What is the units digit of r?
6
Let p(h) = -h**3 + 13*h**2 - 10*h - 2. Suppose 0 = -u + 11 - 14. Let g be (u*1)/((-2)/8). What is the tens digit of p(g)?
2
Let g(a) = a**3 - 11*a**2 - 11*a - 9. Let b be g(12). Suppose 1 = -v + b. Suppose 2*l - l = v*t + 15, 0 = -4*l + 4*t + 68. What is the tens digit of l?
1
Let a(f) = 2*f**2 + 49*f + 34. What is the thousands digit of a(-53)?
3
Let m = -2717 + 2724. What is the units digit of m?
7
Let u(j) = -177*j - 89. What is the hundreds digit of u(-3)?
4
Suppose 3*t = -15*t + 504. Suppose t*b - 26*b - 52 = 0. What is the units digit of b?
6
Suppose -1393 = -6*u + 641. What is the units digit of u?
9
What is the tens digit of (-1252)/(-4 + 22/4 - 2)?
0
Let f(y) = -y**3 + 6*y**2 + 2*y + 2. Suppose -5*u - 3*v - 38 = 0, 3*u + 4*v + 25 = -0*v. Let p = -4 - u. What is the units digit of f(p)?
5
Suppose 3*d - 4983 = -2*r, 3712 = 3*r + 8*d - 3780. What is the units digit of r?
4
Let x be 35/21 - (-2)/6. What is the units digit of x/(4/(-490)*-5)?
9
Let u(j) = -j**3 - j**2 + j - 2. Let y be u(0). What is the hundreds digit of y/6*(9 - 327)?
1
Suppose -45*z = -42*z - 1344. What is the units digit of z?
8
Let h = -27 + 24. What is the tens digit of 663/21 - h/7?
3
Let v be (-2)/7 - (-1352)/28. Let b = -32 + v. What is the tens digit of b?
1
Suppose 290*l - 302*l = -26352. What is the units digit of l?
6
Suppose -5*m = -2*m. Let h = 3 + m. What is the units digit of 19/2 + h/6?
0
Let y(j) = 8*j**2 - 22*j + 2. What is the hundreds digit of y(9)?
4
Suppose 9 = -3*o + 27. Suppose -r - 10 = -o*r. Suppose 2*u - 4*k - 30 = 0, 7*k + 27 = 2*u + r*k. What is the units digit of u?
1
Let j(f) be the second derivative of -f**7/2520 + f**6/120 - f**5/40 + f**4/12 + 4*f. Let i(t) be the third derivative of j(t). What is the units digit of i(5)?
2
Suppose -r + 4*v + 721 = 0, -5 - 1 = 3*v. What is the units digit of r?
3
Suppose c = 6*c + 2*w - 13, 5*w + 5 = 0. Suppose p + p + 12 = -4*q, 0 = c*p - q + 4. What is the units digit of p/(-4) - 180/(-8)?
3
Let g(o) = -o**3 - 2*o**2 + 2*o. Let f(v) = v - 1. Let u(z) = z. Let b(c) = -4*f(c) + 5*u(c). Let w be b(-8). What is the units digit of g(w)?
4
Suppose -2111 + 539 = -2*f. What is the tens digit of f?
8
Let z(w) = 34*w**3 - 35*w**3 - 7 + 7*w - w - w**2. Let g be z(-5). Suppose -5*f + g = -17. What is the tens digit of f?
1
Let a = -50 - -53. Suppose -110 = -3*l - a*j + 7*j, 5*l - 4*j = 186. What is the units digit of l?
8
Let r(v) = -v**3 - 19*v**2 - 20*v - 32. What is the units digit of r(-18)?
4
Let v(y) = 3*y - 1. Let t be v(3). Suppose 0 = -3*f - f + t. Suppose -f*g + 2 - 9 = -h, -3*h = g - 21. What is the units digit of h?
7
Suppose -k + u + 950 = 0, -4753 = -5*k - 5*u + 7*u. What is the units digit of k?
1
Suppose -3*g + 335 = -b, 0*g - 4*g + 2*b + 448 = 0. Let f = 69 - g. Let y = f + 78. What is the tens digit of y?
3
Let d be (-4)/(-6) + (3 - 2660/(-15)). Suppose -d = -4*m + 91. What is the tens digit of m?
6
Suppose -j + 17 = -4*k, -9 = -j - 3*k + 5*k. What is the hundreds digit of 235/j - (-2)/((-6)/9)?
2
Suppose -o + 3*g - 62 = -2*o, 0 = -3*o + g + 146. Suppose 5*c - 62 = -2*u - 0*u, -3*c = -2*u - o. What is the units digit of c?
4
Let z = 2112 + -669. What is the tens digit of z?
4
Let x(m) = 14 + 5*m - 6*m + 3. Let y be x(17). What is the tens digit of 33*(y - 20/(-12))?
5
Let n(p) = -p**2 - 4*p + 3. Let r be n(-4). What is the units digit of -15*13*r/(-9)?
5
Let k be 1/(-8) - 36/(-32). Let c be k*2*(19 + -14). Let n(g) = -g**3 + 9*g**2 + 14*g - 6. What is the units digit of n(c)?
4
Suppose 0*f - 3*f = -6. Suppose 3*q - f = 2*y - 3, 0 = 5*y + 4*q - 37. Suppose 0 = 5*w + y*l - 20, 3*w + w - 2*l = 4. What is the units digit of w?
2
Let h = 5 + -2. Suppose -3*q = h*c - 210, -5*c + 139 = 3*q - 205. Suppose c = 5*i + 4*t - 32, -4*i = 5*t - 81. What is the units digit of i?
9
Let n be ((-4)/(-3))/(-3*6/(-54)). Let g(t) = 7*t**2 + 12*t - 2. What is the tens digit of g(n)?
5
Let k = -1376 + 2311. What is the hundreds digit of k?
9
Suppose 23 = -2*n + 5. Let p(j) = j - 2. Let m(h) = -8*h - 4. Let a(f) = m(f) + p(f). What is the units digit of a(n)?
7
Let h = -19 - -21. What is the units digit of (89/3)/(h/6)?
9
Suppose -4*g + 9*g - 160 = 0. What is the tens digit of 1576/g - (-3)/(-12)?
4
Let f(k) = 76*k + 176. What is the units digit of f(13)?
4
Let v be -8*(-4)/(-8)*-1. Suppose 38 - 226 = -v*h. What is the units digit of h?
7
Let l(x) = -x**2 - x + 7. Let t be l(-3). Suppose -4*h + t - 4 = 5*r, r - 5 = 2*h. What is the units digit of (2/(-6))/(r/(-45))?
5
Let b(o) = o + 18. Let q be b(-14). Suppose q*h = 5*n + 613, -4*n - 1 = -3*n. What is the units digit of h?
2
Let y be 2 + 13/((-39)/(-2034)). What is the tens digit of 2/(-7) + y/28?
2
Let p(b) = 9*b - 9. Let i be p(4). Let c = i - -40. What is the units digit of c?
7
Let r = 1569 - 653. What is the hundreds digit of r?
9
Suppose 11 = 4*k + 3*q, -k = -3*k - 5*q - 5. Suppose 114 = -4*y - u + 541, -k*u + 439 = 4*y. What is the units digit of y?
6
Let a = -4469 + 8642. What is the tens digit of a?
7
Suppose -23*z + 18*z = -25. What is the units digit of (-7 + z + -6)/((-2)/68)?
2
Suppose -7*w + 22 = 8. Suppose -3*s + w*s + 26 = m, -4*m + 110 = s. What is the tens digit of m?
2
Let m(r) = 14*r + 20. Let d be m(5). Suppose 3*y - d = -3*u, u - 38 = 5*y - 2*y. What is the units digit of u?
2
Let y(g) = 5*g**3 - 2*g**2 - g + 1. Let k be y(1). Suppose v + 210 = -0*r + k*r, -4*r + 280 = 5*v. What is the tens digit of r?
7
Let x(r) = -67*r - 1. Let y be x(-3). Let o = y - 95. What is the tens digit of o?
0
Let x be (1168/(-48))/(0 - 2/90). Suppose -10*t + x = -5*t. What is the tens digit of t?
1
Let m(h) = -h**3 + 14*h**2 - 15*h + 31. What is the hundreds digit of m(11)?
2
Suppose -n = n + 92. What is the tens digit of 4 + -8 - (n - 2)?
4
Let i be (-12)/(-16)*42*72/14. Suppose -10*v + i = -7*v. What is the tens digit of v?
5
Let s(u) be the first derivative of -13*u**4/4 - 2*u**3/3 - 2*u**2 + u - 16. What is the units digit of s(-2)?
5
Suppose -3*q + 16 = 3*l - 20, 5*q + 3 = 4*l. Let g(p) = -p**3 + 7*p**2 + 8*p + 5. Let j be g(l). Let a = j - 40. What is the units digit of a?
1
Let j = -373 - -645. What is the hundreds digit of j?
2
Let n be 130/20*(-2 + 4). Let g(m) = -m**3 + 15*m**2 - 18*m - 6. What is the tens digit of g(n)?
9
Let i be -672 + (21/(-6) - -4)*-6. Let q = i - -947. What is the units digit of q?
2
Suppose -23*k = -8105 - 1095. What is the units digit of k?
0
What is the units digit of -3*4/48*-636?
9
Suppose -4 = -k - 1. Suppose -b - 10 = -0*b - 2*v, -k*v = -15. Suppose b = -5*z + 28 + 77. What is the tens digit of z?
2
What is the units digit of (-185)/(-74)*620/2?
5
Let j = -17 + 13. Let q(b) = b**2 + 5*b -